
Calculate the remainder when 18952 is divided by 18917.
35
What is the remainder when 1679 is divided by 257?
137
What is the remainder when 58595 is divided by 153?
149
Calculate the remainder when 171072 is divided by 81.
0
Calculate the remainder when 40557 is divided by 1559.
23
Calculate the remainder when 1244 is divided by 59.
5
Calculate the remainder when 1231 is divided by 342.
205
Calculate the remainder when 3195 is divided by 138.
21
What is the remainder when 4630094 is divided by 682?
678
Calculate the remainder when 8873 is divided by 328.
17
Calculate the remainder when 978490 is divided by 4.
2
What is the remainder when 27824 is divided by 242?
236
What is the remainder when 6999 is divided by 663?
369
What is the remainder when 2247 is divided by 41?
33
What is the remainder when 17759 is divided by 99?
38
What is the remainder when 1774 is divided by 464?
382
What is the remainder when 5310 is divided by 5299?
11
What is the remainder when 1549 is divided by 10?
9
Calculate the remainder when 122892 is divided by 1280.
12
What is the remainder when 12355 is divided by 6165?
25
Calculate the remainder when 593 is divided by 326.
267
What is the remainder when 3380 is divided by 187?
14
What is the remainder when 16470 is divided by 445?
5
Calculate the remainder when 18568 is divided by 1547.
4
What is the remainder when 21769 is divided by 641?
616
What is the remainder when 87468 is divided by 83?
69
Calculate the remainder when 29419 is divided by 558.
403
What is the remainder when 107724 is divided by 190?
184
What is the remainder when 992 is divided by 235?
52
Calculate the remainder when 3463292 is divided by 128.
124
Calculate the remainder when 3346 is divided by 410.
66
What is the remainder when 609837 is divided by 29?
25
What is the remainder when 651276 is divided by 140?
136
What is the remainder when 24008555 is divided by 858?
857
Calculate the remainder when 554541 is divided by 340.
1
What is the remainder when 46768 is divided by 329?
50
What is the remainder when 802 is divided by 593?
209
What is the remainder when 4259 is divided by 2091?
77
Calculate the remainder when 4794 is divided by 154.
20
What is the remainder when 161033 is divided by 634?
631
What is the remainder when 7190 is divided by 1800?
1790
What is the remainder when 34066 is divided by 123?
118
What is the remainder when 23159 is divided by 2090?
169
What is the remainder when 329648 is divided by 3?
2
Calculate the remainder when 17857 is divided by 4439.
101
Calculate the remainder when 234021 is divided by 70.
11
What is the remainder when 755 is divided by 187?
7
What is the remainder when 33661 is divided by 173?
99
Calculate the remainder when 4376 is divided by 2166.
44
What is the remainder when 21217 is divided by 452?
425
What is the remainder when 1748 is divided by 699?
350
What is the remainder when 50860 is divided by 187?
183
What is the remainder when 155768 is divided by 12?
8
What is the remainder when 382766 is divided by 221?
215
What is the remainder when 10895 is divided by 287?
276
What is the remainder when 17461 is divided by 264?
37
What is the remainder when 1452 is divided by 20?
12
What is the remainder when 4899 is divided by 1462?
513
What is the remainder when 9272 is divided by 143?
120
Calculate the remainder when 6770 is divided by 77.
71
What is the remainder when 245913 is divided by 594?
591
What is the remainder when 4123 is divided by 225?
73
What is the remainder when 10118 is divided by 183?
53
Calculate the remainder when 5451 is divided by 127.
117
Calculate the remainder when 337 is divided by 87.
76
Calculate the remainder when 38730 is divided by 561.
21
Calculate the remainder when 40352 is divided by 79.
62
Calculate the remainder when 12261 is divided by 86.
49
What is the remainder when 64455 is divided by 556?
515
Calculate the remainder when 8415 is divided by 4200.
15
Calculate the remainder when 1338546 is divided by 187.
0
What is the remainder when 1680285 is divided by 48?
45
What is the remainder when 10424631 is divided by 363?
360
What is the remainder when 6117 is divided by 2018?
63
Calculate the remainder when 21295 is divided by 592.
575
What is the remainder when 44982 is divided by 319?
3
Calculate the remainder when 53167 is divided by 63.
58
Calculate the remainder when 163676 is divided by 124.
120
What is the remainder when 338919 is divided by 37?
36
What is the remainder when 1789 is divided by 736?
317
What is the remainder when 889328 is divided by 130?
128
Calculate the remainder when 9024 is divided by 2936.
216
What is the remainder when 872714 is divided by 13?
11
Calculate the remainder when 1232437 is divided by 4.
1
Calculate the remainder when 11172 is divided by 107.
44
Calculate the remainder when 3776 is divided by 1737.
302
What is the remainder when 67905 is divided by 485?
5
What is the remainder when 4149 is divided by 1747?
655
Calculate the remainder when 9085 is divided by 118.
117
What is the remainder when 13516 is divided by 488?
340
What is the remainder when 64711 is divided by 10?
1
Calculate the remainder when 328379 is divided by 14.
9
Calculate the remainder when 2753 is divided by 1369.
15
What is the remainder when 18525 is divided by 2055?
30
What is the remainder when 4719 is divided by 2352?
15
What is the remainder when 1798 is divided by 121?
104
What is the remainder when 11508 is divided by 842?
562
Calculate the remainder when 134653 is divided by 57.
19
Calculate the remainder when 4721850 is divided by 1058.
1054
Calculate the remainder when 4209 is divided by 25.
9
What is the remainder when 47130 is divided by 1683?
6
Calculate the remainder when 25825 is divided by 404.
373
Calculate the remainder when 505658 is divided by 13.
10
What is the remainder when 9662 is divided by 468?
302
Calculate the remainder when 57066 is divided by 21.
9
What is the remainder when 771678 is divided by 96?
30
What is the remainder when 5323 is divided by 74?
69
What is the remainder when 1495 is divided by 345?
115
Calculate the remainder when 2186655 is divided by 213.
210
Calculate the remainder when 1126 is divided by 198.
136
Calculate the remainder when 57218 is divided by 11.
7
Calculate the remainder when 3322 is divided by 550.
22
What is the remainder when 22155 is divided by 7345?
120
What is the remainder when 330677 is divided by 1262?
33
What is the remainder when 235967 is divided by 70?
67
Calculate the remainder when 1781 is divided by 297.
296
What is the remainder when 3743 is divided by 1232?
47
Calculate the remainder when 22987 is divided by 5741.
23
What is the remainder when 25180 is divided by 345?
340
Calculate the remainder when 404658 is divided by 874.
870
Calculate the remainder when 337773 is divided by 19.
10
Calculate the remainder when 416749 is divided by 50.
49
What is the remainder when 259266 is divided by 158?
146
What is the remainder when 17190 is divided by 465?
450
Calculate the remainder when 60485 is divided by 423.
419
Calculate the remainder when 1547160 is divided by 23.
19
What is the remainder when 2800 is divided by 616?
336
What is the remainder when 5118 is divided by 727?
29
Calculate the remainder when 2853 is divided by 12.
9
Calculate the remainder when 237 is divided by 76.
9
Calculate the remainder when 2652568 is divided by 1326277.
14
Calculate the remainder when 369787 is divided by 428.
423
What is the remainder when 95282 is divided by 433?
22
What is the remainder when 1536047 is divided by 31?
28
Calculate the remainder when 2456 is divided by 1227.
2
Calculate the remainder when 10066 is divided by 134.
16
What is the remainder when 1236 is divided by 621?
615
What is the remainder when 24320 is divided by 24?
8
Calculate the remainder when 325 is divided by 277.
48
What is the remainder when 16981 is divided by 12?
1
Calculate the remainder when 25077 is divided by 114.
111
Calculate the remainder when 7354 is divided by 1051.
1048
What is the remainder when 1500 is divided by 1104?
396
What is the remainder when 571409 is divided by 5?
4
Calculate the remainder when 60300 is divided by 114.
108
What is the remainder when 66601 is divided by 8323?
17
What is the 